 11*m - 14. Let k be t(h). Suppose k*o - 484 = 12*o. What is the hundreds digit of o?
1
Let b(o) = 10*o**2 - 2*o + 14. Let n be (-5 - 0)*((-4 - -3) + 2). What is the units digit of b(n)?
4
Suppose 0 = 76*a + 11*a - 552032 + 176627. What is the units digit of a?
5
Suppose 3*a = 3*b - 474, 12*b + 498 = 15*b + 3*a. Suppose 3*q + 1186 = 4*i - b, -5*i + 1650 = 5*q. What is the hundreds digit of i?
3
Let z(g) = g**2 + g + 20. Let r be z(-9). Let w = 222 - r. Suppose 0 = -2*k + k - 4*h + 127, -h + w = k. What is the units digit of k?
1
Let z(v) = 237*v - 1673. What is the units digit of z(39)?
0
Let g = -17367 - -27349. What is the hundreds digit of g?
9
Suppose -111346 + 4018 = -16*c. What is the tens digit of c?
0
Let p(b) = b**3 - 6*b**2 + 6*b + 3. Let h be p(5). Suppose -22 - h = -6*g. What is the units digit of (5/(-1))/((-207)/(-42) - g)?
0
What is the thousands digit of 18*8/48 + 1460?
1
Suppose -3*o - 4*l = -10, -o + l + 2*l = -12. Let r(k) = 0 + 10*k**2 + o - 4*k**2 - k**2. What is the tens digit of r(-3)?
5
Let y(c) = 2*c**2 + 15*c + 195. Let a be y(-37). Suppose 6*h - 394 = a. What is the hundreds digit of h?
4
Let u = 1543 + 1105. Suppose -30*b - u = -34*b. What is the hundreds digit of b?
6
Suppose 0 = -2*q - 2*t + 7204, 12 = -0*t + 3*t. Suppose -2*h + 3*m + 1447 = 0, 2*m = 5*h + m - q. What is the hundreds digit of h?
7
Let g(x) = -x**3 + 113*x**2 + 247*x - 279. What is the hundreds digit of g(115)?
6
Suppose -2*s + 4*i = -39 + 171, 3*s - 2*i = -210. What is the units digit of (-448)/s + (-2)/9?
6
Suppose -534*x + 535*x = 33411. What is the units digit of ((-4)/6)/((-37)/x)?
2
Let f(l) = -l**2 - 10*l. Let r = 18 + -13. Suppose -4*i = -3*i + r. What is the tens digit of f(i)?
2
Suppose -i + 5*b = 19, -6*i - 73 = -i - 3*b. What is the hundreds digit of i/(-49) + 12396/28 + 4?
4
Let k(p) = -p**3 - 4*p**2 - 2*p - 3. Let b be k(-3). Let y be ((-4)/b)/(5*(-4)/(-30)). What is the tens digit of y/8*98*4?
4
Let u be ((-16)/(-32))/(3/6). What is the hundreds digit of 503 - (-2 - (0 - u))?
5
Let s(c) = c**2 + 13*c + 29. Let f be s(14). Suppose -3394 = -7*h + f. What is the tens digit of h?
4
Let b(q) = 8*q - 6. Let x = 20 + 0. Let v = x + -8. What is the units digit of b(v)?
0
Suppose -5*o = -2*z + 33494, -25*z - 66988 = -29*z + 3*o. What is the units digit of z?
7
Let z(m) = -m**3 - 26*m**2 - 15*m + 84. Let o be z(-24). Let y = -287 - o. What is the tens digit of y?
2
Let q = -8000 + 13723. What is the hundreds digit of q?
7
Suppose 224 = 7*q + 7*q. Let h(u) = 74*u + 65. What is the tens digit of h(q)?
4
Let a be 527 + (-7 + (-2 - -8) - -2). Let k = a - 233. What is the units digit of k?
5
Let v be 4 - ((-2 - (8 + -4)) + 6). Suppose 9*q - 5*q - 2666 = -5*p, -2*p = v*q - 2660. What is the units digit of q?
4
Suppose 4*k = -w + 125 + 941, 2*w + 4*k - 2112 = 0. Suppose 5*m - 3031 = -w. What is the hundreds digit of m?
3
Suppose 5*a = 5*u - 51485, -u - 3*a = -3*u + 20594. What is the hundreds digit of u?
2
Let v(b) = 2*b**2 - 7*b - 33. Let w be v(6). What is the hundreds digit of 6/9 - w/((-9)/(-724))?
2
Let z be 868/42 + (-2)/(-6). Let w be -3*1*(-49)/z. Suppose -130 - w = -r - 4*g, 0 = -3*g + 15. What is the hundreds digit of r?
1
Let z(r) = 323*r + 1019. Let n be z(-3). Let w be -3 - -2 - (0 + -1). Suppose u - 3*i - 17 = w, 3*u + 2*i = u + n. What is the units digit of u?
3
Let x(l) = l**3 + 15*l**2 + 12*l - 24. Let z be x(-14). Suppose 2 = 2*p + z. Let f(n) = -155*n**3 - n**2 - 2*n. What is the hundreds digit of f(p)?
1
Suppose -27*o = 28*o - 330. What is the tens digit of -15*-5*o/15*37?
1
Let r(l) = l**3 + 5*l**2 + 14*l + 8. Let a be r(-5). Let v = 67 + a. Suppose -2*n + 210 = 5*x, v*x - 62 - 148 = 4*n. What is the tens digit of x?
4
Let j be (5 - (0 - -3))*-199. What is the tens digit of j*3/(-6) + -4 + 2?
9
Suppose 24 = 5*h - h. Let i(y) = -4*y**2 + 2*y + 4. Let o(x) = 5*x**2 - 2*x - 6. Let c(m) = 7*i(m) + 6*o(m). What is the tens digit of c(h)?
7
Let l(u) = -1529*u - 515. What is the hundreds digit of l(-6)?
6
Suppose 0 = -2*z - i + 103760, 169199 = 3*z - 4*i + 13537. What is the tens digit of z?
8
Suppose -90*f = -97*f + 40180. What is the tens digit of f?
4
Suppose 17 - 19 = -2*a, 29576 = 3*c + 2*a. What is the units digit of c?
8
Let p(s) = 9*s**2 + 3*s + 263. Let f be p(-17). Let l = f - 1414. What is the tens digit of l?
9
Suppose 0 = 476*r - 469*r - 14. Let b = -28 - -192. Suppose 0 = r*n + 2*o - 164, 2*n - 5*o - 14 - b = 0. What is the units digit of n?
4
Let t = 549 - 565. Let b(i) = -77*i + 176. What is the tens digit of b(t)?
0
Suppose -40027 = -33*p - 12670. What is the units digit of p?
9
Let o(q) = 116*q**2 - 3*q + 2. Let u(r) = r**2 + 10*r + 10. Let l be ((-632)/(-18))/(-4) + (-20)/90. Let j be u(l). What is the hundreds digit of o(j)?
1
Suppose -26*d - 21*d + 183996 = -29*d. What is the units digit of d?
2
Let k = -30 - -34. Suppose 3*g = -g + 5*x - 9, 0 = -k*g - 3*x - 1. Let d(a) = -35*a**3 - a**2 + a + 1. What is the tens digit of d(g)?
3
Suppose -134540 - 81813 = -19*y. What is the units digit of y?
7
Let p(u) = u**2 - 15*u - 51. Let q be p(18). Suppose 0*a + 677 = q*a - 5*s, 5*s = -2*a + 468. What is the tens digit of a?
2
Suppose -t = -9 + 16. Let o be (94/(1/1))/((-2)/t). Suppose f - 8*f = -o. What is the tens digit of f?
4
Let v(f) = 44*f - 1. Let p be v(-1). Let t = p + 39. Let r(g) = -15*g - 27. What is the units digit of r(t)?
3
Suppose -l = 4*u - 8922, 8940 = -784*l + 785*l - 2*u. What is the hundreds digit of l?
9
Let u = -7914 + 12267. What is the units digit of u?
3
Suppose -2*z = 0, 3*t + 2*z - 30630 = -10236. What is the thousands digit of t?
6
Suppose h - 164 = -40*h. Suppose -4*p + 4 = 0, -5*a + h*p + 4848 = 7*p. What is the units digit of a?
9
Let n(z) = -17*z - 34. Let j be n(-2). Suppose j = 136*c - 126*c - 14690. What is the units digit of c?
9
Let l(s) = -s - 2. Let h be l(-6). Let p = 785 + -769. Suppose -p = h*j, 3*j + 2*j = -5*w + 1480. What is the units digit of w?
0
Suppose -7*o = -25*o - 46*o + 857216. What is the units digit of o?
4
Suppose -2*g + 0*g = -0*g. Suppose g = -8*p + 201 + 55. Suppose 5*c + 4*d = 116, 0 = -c + 4*d - 7*d + p. What is the tens digit of c?
2
Suppose -2*w + 28 = 5*i, 0*i - 4*i + 5*w = 4. Suppose 5*c - 26 = i. Suppose -c*s - 89 = -7*s - 4*f, -5*f - 470 = -5*s. What is the units digit of s?
3
Let j(h) = h**3 - h**2 + 6*h. Let x be j(6). Suppose u - 420 = -4*r, 2*r + 3*u - u = x. What is the tens digit of r?
0
Suppose -5*r = -3461 + 1131. Let s = r + -194. What is the hundreds digit of s?
2
Let k(w) = -w + 1. Let r be k(-4). Suppose -2*s = -r*v + 2486, -s = -3 + 1. What is the hundreds digit of v?
4
Let c(q) = -39*q**3 - 5*q**2 - 23*q - 29. Let d(s) = s**3 + s**2 + s + 1. Let y(w) = c(w) + 6*d(w). What is the hundreds digit of y(-3)?
9
Suppose -5*m = 5*t - 123695, -48*t - 6 = -50*t. What is the hundreds digit of m?
7
Let t(o) = -34*o + 40. Let r be t(9). Let q = r - -275. What is the units digit of q?
9
What is the tens digit of ((-19279736)/588)/((-6)/9)?
8
Let g(m) = 3*m**2 + 5*m + 108. Let f(d) = d**2 + 2*d + 35. Let v(x) = -8*f(x) + 3*g(x). What is the units digit of v(26)?
4
Let q(i) = -i**2 - i + 4*i - 13 + 6*i. Let m be q(6). Suppose -j = -5*n - 175, -1 + 756 = m*j - n. What is the hundreds digit of j?
1
Suppose 0 = 15*v - 18*v - 1710. Let m = 882 + v. Suppose m = x + 7*x. What is the units digit of x?
9
Suppose -3*m - 18 = 0, -13*s + m + 24631 = -8*s. What is the thousands digit of s?
4
Let n(t) = t**3 - 4*t**2 - 6*t + 10. Let s be n(4). Let m be (-1)/(-7) + 44/s. Let y(u) = 6*u**2 - 5*u - 5. What is the tens digit of y(m)?
6
Let c be ((-8)/10)/((-66)/(-4125)). Let t = c - -422. What is the tens digit of t?
7
Let k(b) = 4*b**2 + 44*b + 5. Let l be k(-13). Suppose l + 4855 = 17*j. What is the tens digit of j?
9
Let b = 36124 - 24183. What is the tens digit of b?
4
Let a(j) = -2*j**2 + 7*j - 11. Let z be a(9). Let m be 8/(-10) - 3058/z. Suppose 7*g - 162 - m = 0. What is the units digit of g?
7
Let b = -69331 + 112817. Suppose 0 = -53*d - 12640 + b. What is the units digit of d?
2
Let o(a) = 347*a**2 - 85*a - 213. What is the tens digit of o(-11)?
0
Suppose x - 52 = -2*g, -3*g + 143 = 4*x - 8*g. Let n = x - 37. Let s = n + 11. What is the tens digit of s?
1
Let q be